ivisor of 526920497 and 31828?
7957
Calculate the highest common divisor of 12 and 503820.
12
What is the highest common factor of 334 and 23355785?
167
What is the highest common factor of 593 and 19489538?
593
What is the greatest common divisor of 6916 and 46332?
52
What is the greatest common divisor of 126235334 and 916?
458
What is the highest common divisor of 4385040 and 108416?
1936
What is the greatest common factor of 121 and 262823?
11
Calculate the greatest common factor of 81316824 and 33744.
888
What is the highest common factor of 1528973 and 3093?
1031
What is the greatest common divisor of 2973393 and 1809?
603
What is the greatest common divisor of 4593050 and 3080?
770
What is the greatest common factor of 1240 and 165174944?
248
What is the greatest common divisor of 49141980 and 10260?
3420
Calculate the highest common factor of 171176400 and 300.
300
Calculate the greatest common divisor of 12036575 and 1025.
1025
What is the highest common divisor of 117424 and 447500?
716
Calculate the highest common factor of 11682 and 143297253.
5841
Calculate the greatest common divisor of 1408 and 498608.
176
Calculate the greatest common factor of 9902740 and 1160.
20
What is the greatest common factor of 33 and 53934474?
33
Calculate the highest common factor of 151846 and 10718.
46
Calculate the greatest common divisor of 30233553 and 84.
21
What is the highest common factor of 41396555 and 5745?
1915
Calculate the greatest common divisor of 25836804 and 1554.
1554
Calculate the greatest common factor of 8966 and 136.
2
What is the greatest common factor of 203710 and 290?
10
Calculate the greatest common divisor of 2285629988 and 2012.
2012
What is the greatest common divisor of 580 and 37637476?
116
What is the highest common factor of 146255036 and 12?
4
What is the highest common divisor of 846 and 4939686?
18
Calculate the highest common divisor of 194316 and 960.
12
Calculate the greatest common factor of 49276737 and 36.
9
What is the greatest common factor of 35512 and 73048?
184
What is the greatest common divisor of 1288 and 8988840?
56
What is the highest common factor of 473363940 and 249?
249
What is the highest common divisor of 2280 and 26982660?
1140
What is the greatest common divisor of 80575409 and 38?
19
What is the greatest common divisor of 12824 and 111700246?
3206
Calculate the greatest common factor of 2565 and 1772955.
135
Calculate the highest common divisor of 356720 and 533708.
1372
What is the highest common factor of 279711 and 1044?
9
What is the highest common factor of 1140964 and 88?
44
Calculate the highest common divisor of 28768 and 1023004.
116
Calculate the highest common divisor of 83878 and 55658.
34
Calculate the highest common divisor of 121788 and 34561.
17
Calculate the highest common factor of 1896999 and 206375.
1651
Calculate the greatest common divisor of 91 and 36244.
13
What is the greatest common divisor of 11126291 and 55969?
577
Calculate the highest common factor of 8010 and 53712.
18
Calculate the highest common factor of 454240 and 294560.
160
Calculate the greatest common divisor of 144 and 9202932.
36
What is the highest common divisor of 1199 and 8813849?
1199
Calculate the greatest common factor of 629859880 and 39.
13
What is the greatest common factor of 60 and 1751460?
60
Calculate the greatest common factor of 473440 and 11360.
160
What is the highest common divisor of 523035 and 44073?
531
What is the greatest common factor of 3845 and 169076185?
3845
Calculate the highest common factor of 970812 and 44.
4
Calculate the greatest common factor of 1029744593 and 8644.
2161
Calculate the highest common divisor of 38 and 4207334.
2
What is the greatest common divisor of 2001 and 604647?
69
Calculate the highest common divisor of 24864 and 3125871.
777
Calculate the greatest common factor of 3525639 and 5304.
39
Calculate the highest common factor of 138749 and 659263.
821
Calculate the highest common factor of 2 and 530846.
2
Calculate the highest common divisor of 77 and 918369683.
77
Calculate the greatest common divisor of 59431120 and 80.
80
Calculate the greatest common factor of 50054452 and 196.
28
What is the greatest common divisor of 1891 and 119830779?
1891
What is the highest common divisor of 155 and 13608885?
5
What is the greatest common factor of 135 and 51069660?
15
Calculate the greatest common factor of 193 and 87323429.
193
Calculate the highest common divisor of 27 and 23401818.
27
Calculate the greatest common divisor of 12636680 and 200.
40
What is the greatest common divisor of 27277152 and 159?
3
What is the highest common factor of 132 and 54472946?
22
Calculate the highest common divisor of 199716 and 25187.
89
What is the highest common factor of 126 and 28127862?
126
What is the highest common factor of 125808917 and 74?
37
What is the highest common divisor of 22473052 and 4844?
28
What is the greatest common factor of 9228 and 121806?
6
What is the highest common divisor of 8 and 36779140?
4
What is the highest common factor of 1562 and 685973387?
781
Calculate the greatest common factor of 8064 and 457344.
1152
Calculate the highest common factor of 110687 and 145367.
289
Calculate the highest common factor of 673081 and 112999.
4913
What is the greatest common factor of 3781 and 1098017524?
3781
Calculate the greatest common divisor of 62684731 and 67.
67
What is the greatest common divisor of 366225 and 11655075?
1425
Calculate the greatest common divisor of 280 and 5004040.
40
Calculate the greatest common factor of 4541703 and 646.
323
Calculate the greatest common factor of 78711926 and 202.
202
Calculate the greatest common factor of 5084604 and 3276.
252
Calculate the greatest common divisor of 866895 and 1305.
15
Calculate the greatest common factor of 115619410 and 6340.
3170
What is the highest common divisor of 420356 and 2014?
38
Calculate the highest common factor of 196494915 and 23525.
4705
Calculate the highest common divisor of 8050 and 212555.
35
Calculate the highest common factor of 8267 and 13811.
7
What is the highest common factor of 18447081 and 874?
437
What is the greatest common divisor of 2781310 and 70?
70
Calculate the greatest common factor of 13122 and 3025890.
54
Calculate the highest common divisor of 7777 and 51583.
7
What is the highest common factor of 2574 and 1911431808?
2574
Calculate the greatest common divisor of 92994 and 9306.
66
What is the highest common factor of 65964 and 2213727?
69
Calculate the highest common factor of 7932 and 981684150.
3966
What is the highest common factor of 331379 and 211432?
2033
What is the highest common factor of 882 and 15078222?
18
Calculate the greatest common divisor of 1666800 and 54.
18
What is the greatest common factor of 5136 and 6785191?
107
Calculate the greatest common factor of 4590 and 24410130.
510
What is the highest common factor of 121823505 and 11070?
1845
Calculate the highest common divisor of 417 and 7383958.
139
Calculate the greatest common divisor of 374 and 323983.
11
What is the highest common divisor of 43662648 and 276?
276
What is the greatest common divisor of 366880 and 242240?
160
What is the greatest common divisor of 15641484 and 15?
3
Calculate the highest common factor of 92762938 and 348.
58
Calculate the highest common factor of 2141550 and 300.
150
Calculate the highest common divisor of 418 and 29275554.
22
Calculate the highest common factor of 32016 and 208974.
174
Calculate the highest common factor of 185 and 3624002.
37
Calculate the highest common divisor of 7191645 and 1068.
267
Calculate the greatest common divisor of 4031 and 6430001.
139
Calculate the highest common factor of 125938818 and 3597.
327
What is the greatest common divisor of 11352 and 6500439?
1419
What is the greatest common factor of 59112 and 407394978?
4926
Calculate the greatest common divisor of 330114 and 148.
74
What is the highest common factor of 697612 and 1802?
34
Calculate the highest common divisor of 1225 and 27055595.
245
Calculate the greatest common divisor of 116960 and 830330.
430
What is the highest common divisor of 1787520 and 3517280?
3040
Calculate the greatest common divisor of 573581 and 2427.
809
Calculate the gre